*b = -6. Determine c(b).
-3
Let r be 0 - (-5 - 57/(-12)). Let c(q) be the first derivative of -1/2*q**2 + 0*q - 1 + 2/3*q**3 + r*q**4. Calculate c(-2).
2
Let d(s) = -s**3 + 3*s**2 + 2. Let t be d(3). Suppose t + 1 = 3*a. Let k(u) = 1 + a - 3*u + 0*u**2 + 0*u + u**2. Calculate k(3).
2
Let d(g) = g**3 - 4*g**2 + 2*g - 1. Let b(o) = -4*o - 16. Let x be b(-10). Let z be 2/(4*3/x). Calculate d(z).
7
Let q(m) = -m**3 + m**2 - m + 1. Let s(y) = 4*y**3 + 2*y**2 + 9*y + 3. Let i(d) = 3*q(d) + s(d). Calculate i(-4).
-2
Let u(v) = 2*v - 2. Let i be 3/6*-2 - 1. Let g(j) = -j**2 - 2*j - 2. Let z be g(i). What is u(z)?
-6
Suppose 47*j + 3 = 46*j. Let o(n) be the third derivative of 0*n + 0 - 1/2*n**3 + 1/8*n**4 - n**2 + 1/60*n**5. Calculate o(j).
-3
Let y(v) = v - 1. Let p be y(3). Let w(s) = -2*s**2 + 2*s. What is w(p)?
-4
Let c(n) = -n**2 + 9*n - 4. Suppose 3*r + 47 = 68. Determine c(r).
10
Suppose -3*a = 9, -4*u + 2 = -0*u - 2*a. Let h(s) = -2*s + 5. Let d(c) = c + 1. Let z(n) = -6*d(n) + h(n). Give z(u).
7
Let o(r) = 14*r - 3 - 10*r + 4 + 1. Let m be -3 - (0 + -2 + 3). Give o(m).
-14
Let b(w) be the first derivative of w**2/2 + 5*w + 10. Give b(0).
5
Let w(x) = -x**3 + 6*x**2 + 4*x + 5. Let a(k) = k**3 - 3*k**2 - 9*k + 2. Let v be a(5). Determine w(v).
-16
Let k(l) = -5*l**3 + l**2 + 6*l**3 - 1 - 1 - 5*l + 4*l**2. What is k(-6)?
-8
Let k(o) = -o**2 + 3*o - 4. Suppose 62 = 3*d + 26. Suppose -7*v = -3*v - d. Determine k(v).
-4
Let o = 1 - 5. Suppose 0*a + 6 = 3*a. Let l(r) = r**2 + 4 - 4*r - 6 - 2*r**a. Give l(o).
-2
Let k(t) = -38*t + 83*t - 32*t + 9 + t**2. Give k(-13).
9
Let w(j) = -1. Let u(p) = p. Let c(i) = u(i) - 5*w(i). Let t be c(-5). Let x(d) be the first derivative of -d**3/3 + d**2/2 - d + 11. Determine x(t).
-1
Let t(q) be the third derivative of -q**6/15 + q**5/30 - q**3/6 - q**2. Suppose -1 = -2*s + 3. Let b = s + -1. What is t(b)?
-7
Let r be 3 - (1 - 0) - 1. Let h(l) = -1995*l + 3995*l - 2001*l + 1 + l**3. What is h(r)?
1
Let a(r) = 9 - 4*r - 1 + 7*r - r**2 - 1. What is a(6)?
-11
Let m = 12 - 7. Let i(r) = 5*r**3 - 9*r**2 + 5*r - 11. Let o(u) = -6*u**3 + 10*u**2 - 6*u + 12. Let z(h) = m*i(h) + 4*o(h). Determine z(5).
-2
Let b(l) = -l**2 + l + 2. Let m be b(0). Let n(a) = 5 - m - 4 - 5*a. Calculate n(-1).
4
Suppose -2*f + 13 = 3*i - 5, 4*f = 3*i. Let t be ((-2)/5)/(i/(-40)). Suppose -t*p + 4*y + 0 + 8 = 0, -2*p = 5*y - 11. Let o(d) = -3*d + 1. What is o(p)?
-8
Let b(l) be the third derivative of 0 - 1/6*l**4 + 3*l**2 + 0*l + 0*l**3. Determine b(1).
-4
Let g(f) be the third derivative of -f**5/60 + f**4/4 - 5*f**3/6 + 8*f**2. Give g(6).
-5
Suppose 5*c - 25 = 0, c + 5 - 35 = 5*r. Suppose -2*w + 21 = 7. Let j(f) = 2*f + f**2 + w*f + 1 - 5*f. What is j(r)?
6
Suppose 13 - 3 = 5*n. Suppose 2 = 5*l - 2*s, 5*s - 6 = -2*l + 18. Let q(c) = -2*c + 2 + 3 - l. What is q(n)?
-1
Let d(g) = -44*g + 1 + g**2 + 101*g - 52*g. Calculate d(-4).
-3
Suppose y - 4 = -2. Suppose y*n = 4*n + 12. Let j(m) = -m**2 - 5*m - 2. Determine j(n).
-8
Let k(z) = -2*z**2 + 3*z**2 + 0*z**2 - 2. Suppose j + 5*l = -4*j + 110, -100 = -5*j - 3*l. Suppose 4*p + 2*c = p - j, 5*p = 5*c + 5. What is k(p)?
7
Let c = 1 + 1. Let g(a) = 1 - c + a - 2. Calculate g(5).
2
Suppose -5*v = 1 + 19. Let t(b) = -b**3 - 2*b**2 + 5*b - 3. Let d be t(v). Let h be (-2)/6 - 15/d. Let x(i) = 2*i**3 + 4*i**2 + 2*i. Give x(h).
-4
Let h(y) = -y**3 + 6*y**2 - 6*y + 4. Suppose 0 = j + 4*f, 2*j - 3 = -5*f - 0*f. What is h(j)?
12
Let m = -7 + 9. Let q(x) = x - 1. Give q(m).
1
Let y(o) be the third derivative of -o**4/8 + o**3 + 4*o**2. Let z be 3/(3*1/5). Determine y(z).
-9
Let g(b) = -b**2 - 3*b + 48. Let m be g(-9). Let l(i) = i**2 + 8*i + 1. Determine l(m).
-11
Let b be (16/(-20))/(2/10). Let a(v) = 5*v**2 - v. Let m(g) = 5*g**2 - g. Let x(p) = b*a(p) + 3*m(p). Suppose -s + 0 = -1. Give x(s).
-4
Suppose -2*a = -17 + 21. Let m(k) = -k**2 - 2*k - 2. Calculate m(a).
-2
Let j(i) = -5*i + 2. Suppose 5*s = 3*s + 8. Let c = 5 - 7. Let t = c + s. Give j(t).
-8
Let i(h) = -h**3 - 6*h**2 - 5*h - 7. Suppose 9 - 4 = 5*b. Suppose b + 4 = -m. Determine i(m).
-7
Let t(a) = -a + 4. Let b(j) = -3*j - 1. Suppose -2*v - 2 = 2*z, -4*v + 5*z + 10 + 22 = 0. Suppose -v*o = -2*f - 3, 4*o - f = f + 2. Let l be b(o). What is t(l)?
2
Let p(f) = -f**3 - f**2 - f. Let j(l) = -6*l**3 - 4*l**2 - 4*l + 6. Suppose -3*b + 5*q - 24 = 16, -4*b = -3*q + 35. Let g(s) = b*p(s) + j(s). Calculate g(0).
6
Let b(k) = -5 + k**2 - 6*k**2 + k**3 - 1. Let s be (-1 + -3)*10/(-8). Give b(s).
-6
Let o(i) = i + 4. Let b(v) = -2*v + 5. Let r be (-4 - -2)*10/(-4). Let d be b(r). Determine o(d).
-1
Let b(i) be the first derivative of i**2/2 + 10*i + 2. Determine b(0).
10
Let b be (-68)/12 - 2/6. Let i(q) = 4*q + 7. Let m(a) be the third derivative of -11*a**4/24 - 10*a**3/3 + 5*a**2. Let u(x) = 8*i(x) + 3*m(x). What is u(b)?
2
Let k(g) be the second derivative of -5*g**2 - 3*g + 0 + 1/6*g**3. Determine k(6).
-4
Let d(q) = -2*q**3 - 12*q**2 - 23*q - 25. Let v(w) = w**3 + 6*w**2 + 12*w + 13. Let k = 9 + 2. Let p(b) = k*v(b) + 6*d(b). Determine p(-5).
-2
Let x(c) be the third derivative of -c**5/60 - c**4/3 - c**3 - 28*c**2. Give x(-7).
1
Let t(p) be the third derivative of -p**5/60 - p**3/2 - 3*p**2. Let m(i) = 4*i**2 + 10. Let a(j) = -2*m(j) - 7*t(j). Determine a(-1).
0
Suppose 0 = 3*n - r + 19, -3*n + 4*r - 31 = -0*n. Let k(f) = 6*f**2 + 0*f + 7*f - 3 + 9 + f**3. Give k(n).
-4
Let j(t) = -2*t + 7. Let s be j(6). Let b(r) be the first derivative of -r**2/2 - 6*r - 23. Give b(s).
-1
Let r(v) be the third derivative of v**5/60 + v**4/24 - v**3/6 - v**2. Let c be 6*(28/(-6) - -4). Give r(c).
11
Suppose 0*z = -2*z. Let s(w) = -w**3 + w - 7. Determine s(z).
-7
Let a = -15 - -14. Suppose 4*o + 11 + 9 = 0. Let n(h) = -8*h**2 - 2. Let c(z) = -17*z**2 - 5. Let d(g) = o*n(g) + 2*c(g). What is d(a)?
6
Let b(o) = 2*o**2 + 10*o - 3. Let w(d) = d**2 + 9*d - 3. Let z(m) = 2*b(m) - 3*w(m). Calculate z(6).
-3
Let x = 20 + -19. Suppose 0 = 2*o - 2*u + 8, o + o - 5*u = x. Let g(j) = -j - 1. Give g(o).
6
Let x = 54 - 29. Suppose -6*h = -h - x. Let m(n) = 3*n - 2. Let v(g) = g. Let t(o) = 2*m(o) - 4*v(o). What is t(h)?
6
Let o = 95 - 91. Let p(z) = z**3 - 4*z**2 + 2*z + 2. What is p(o)?
10
Suppose 0*r = 3*r - 15. Let p = -3 + r. Let m(d) = 2*d - 2. Give m(p).
2
Let a(i) = 4*i**2 - 2*i + 9. Let s(w) = w**3 - w**2 + w + 2. Let c(b) = a(b) - s(b). Determine c(5).
-8
Let y(c) = -5 + 3*c - 4*c + c**2 + 3*c - 2. Determine y(-5).
8
Let k(d) be the third derivative of d**6/60 + d**5/30 + d**4/12 + d**3/6 + d**2. Let v = -5 - -4. What is k(v)?
-1
Let j be (5 - 3)*(-3)/2. Let v(s) = 1 - 2*s - s**2 - 3*s**2 + 3*s**2. Give v(j).
-2
Let k be -6*(0 - (-4)/6). Let o(y) = -y**3 + y**2 + 2*y + 9. Let f(g) = g**3 - g - 8. Let s(d) = -6*f(d) - 5*o(d). What is s(k)?
3
Let w(o) = o**2 + 7*o + 2. Let c be w(-7). Let z(v) = -5 - 4*v + 7*v - v**2 - 2*v**c + 2*v**2. Give z(4).
-9
Let s(v) = -7*v - 2*v**3 - 2*v**3 - 1 + 3*v**3 - 4 - 5*v**2. Calculate s(-4).
7
Let b(c) = -c**2 + 11 - 12 - c**3 + 0*c**3. Give b(-2).
3
Let g(h) = 3*h**2 + 9*h + 12. Let v(a) = 19*a - a**2 + 10 + 5 + 8*a**2 + 10. Let n(c) = -9*g(c) + 4*v(c). Let f be 7 - 2/2*1. What is n(f)?
-2
Let a(c) be the third derivative of -c**4/24 + 2*c**3/3 + 2*c**2. Let v = 9 - 5. Calculate a(v).
0
Let z be (-3 - -4)/1*1. Let n(o) = 2*o**2 + 2*o - 4. Let y(t) = t**2 + 1. Let f(m) = n(m) + 3*y(m). Give f(z).
6
Let u(b) = 1 + 5*b - 3 + 5*b**2 - 4*b**2 + 0. Give u(-3).
-8
Let t = -6 - 3. Let b be (1 - t - 0) + 1. Let m(d) = d + d**3 - b + 9 + 0*d. What is m(2)?
8
Let h(p) be the third derivative of -1/120*p**6 + 1/12*p**4 + 1/30*p**5 + 0 + 0*p + 3*p**2 + 0*p**3. What is h(3)?
-3
Let b(w) = w - 13. Let o(y) = y**3 + 11*y**2 + 11*y + 10. Let a be o(-10). Suppose 5*l = -c + 15, a = -3*l + 7 + 2. Give b(c).
-13
Let a(o) = -5*o**2 - 9*o + 8. Let y(f) = f**2 + f - 1. Let b(i) = -a(i) - 4*y(i). Determine b(-5).
-4
Let q(s) = s**3 + 5*s**2 + s. Let b be q(-3). Suppose 0 = -3*o + b. Let k(n) = n - 10. Calculate k(o).
-5
Let g = -3 - -4. Suppose -5*i + p + 8 = 0, 0 = -4*i + p - 0 + 6. Let v(y) = 4*y + i - 2 + 2 - 3. Determine v(g).
3
Let f = -47 + 46. Let n(z) = -4*z**2 + z + 1. What is n(f)?
-4
Suppose -2*p = 3*p + y - 27, 0 = -4*y + 8. Suppose p*o - 6*o + 8 